e
Is 24 a factor of 5923?
False
Is 32 a factor of 65?
False
Does 215 divide 4945?
True
Is 53 a factor of 275?
False
Does 199 divide 398?
True
Is 110 a multiple of 3?
False
Is 33 a factor of 462?
True
Does 5 divide 8327?
False
Does 67 divide 2813?
False
Is 13 a factor of 31343?
True
Is 1872 a multiple of 24?
True
Is 69 a multiple of 23?
True
Is 74 a factor of 370?
True
Does 29 divide 2001?
True
Does 165 divide 84645?
True
Does 9 divide 7992?
True
Does 121 divide 2783?
True
Does 89 divide 3115?
True
Does 13 divide 16341?
True
Is 80 a factor of 3920?
True
Is 97461 a multiple of 91?
True
Is 4 a factor of 29291?
False
Does 17 divide 2613?
False
Is 7645 a multiple of 36?
False
Is 15811 a multiple of 8?
False
Is 8 a factor of 573?
False
Does 24 divide 329?
False
Is 29648 a multiple of 9?
False
Is 54 a factor of 7560?
True
Is 11868 a multiple of 12?
True
Does 203 divide 36743?
True
Is 4 a factor of 104?
True
Is 73 a factor of 16485?
False
Is 24 a factor of 45576?
True
Does 146 divide 69995?
False
Is 19 a factor of 4256?
True
Is 510 a multiple of 10?
True
Is 10 a factor of 20?
True
Is 2268 even?
True
Does 6 divide 452?
False
Does 22 divide 20904?
False
Is 792 a multiple of 59?
False
Is 27 a factor of 24238?
False
Does 24 divide 1536?
True
Is 1792 a multiple of 14?
True
Does 6 divide 17304?
True
Is 3034 a multiple of 41?
True
Does 194 divide 12610?
True
Is 2050 a multiple of 25?
True
Does 16 divide 1248?
True
Is 34920 a multiple of 120?
True
Is 33 a factor of 967?
False
Does 6 divide 1644?
True
Is 21 a factor of 924?
True
Is 59 a factor of 1829?
True
Does 45 divide 1170?
True
Is 6751 a multiple of 43?
True
Does 53 divide 265?
True
Is 6324 a multiple of 11?
False
Is 28 a factor of 2632?
True
Is 186 a factor of 10230?
True
Is 89 a factor of 3013?
False
Is 9 a factor of 12342?
False
Does 130 divide 5330?
True
Does 77 divide 23408?
True
Is 5740 a multiple of 82?
True
Is 11 a factor of 45508?
False
Is 95 a factor of 2224?
False
Is 1222 a multiple of 19?
False
Does 11 divide 1210?
True
Is 79379 a multiple of 141?
False
Is 12 a factor of 144?
True
Is 71 a multiple of 2?
False
Is 5 a factor of 736?
False
Is 70 a factor of 29933?
False
Does 5 divide 290?
True
Does 8 divide 944?
True
Does 81 divide 10692?
True
Is 156 a multiple of 7?
False
Does 9 divide 234?
True
Is 10 a factor of 136423?
False
Is 417 a multiple of 5?
False
Is 20 a factor of 26480?
True
Does 155 divide 43865?
True
Is 21976 a multiple of 41?
True
Does 6 divide 164?
False
Does 2 divide 34?
True
Is 5 a factor of 130?
True
Is 21 a factor of 609?
True
Is 900 a multiple of 50?
True
Does 8 divide 16?
True
Is 13 a factor of 24050?
True
Is 2518 a multiple of 35?
False
Is 54 a factor of 13223?
False
Is 59 a factor of 7077?
False
Is 9020 a multiple of 205?
True
Is 6 a factor of 9006?
True
Is 37 a factor of 2923?
True
Does 26 divide 5460?
True
Is 6911 a multiple of 7?
False
Does 8 divide 4999?
False
Is 55 even?
False
Is 2150 a multiple of 50?
True
Is 12 a factor of 3331?
False
Is 29 a factor of 14468?
False
Is 15085 a multiple of 154?
False
Is 1582 a multiple of 3?
False
Is 3900 a multiple of 10?
True
Is 11397 a multiple of 9?
False
Is 108 a factor of 26833?
False
Is 24 a factor of 26928?
True
Does 21 divide 45255?
True
Does 53 divide 923?
False
Is 898 a multiple of 16?
False
Is 14 a factor of 3990?
True
Does 143 divide 8019?
False
Is 33 a factor of 264?
True
Does 15 divide 300?
True
Is 10065 a multiple of 230?
False
Is 179 a factor of 10382?
True
Does 132 divide 14784?
True
Is 25 a factor of 15385?
False
Is 3660 a multiple of 30?
True
Is 7 a factor of 756?
True
Is 1456 a multiple of 52?
True
Does 8 divide 8150?
False
Is 2158 a multiple of 11?
False
Does 9 divide 35?
False
Is 36 a factor of 40070?
False
Is 88 even?
True
Is 16 a factor of 2458?
False
Is 64 a factor of 192?
True
Does 135 divide 8449?
False
Does 96 divide 5265?
False
Does 3 divide 4548?
True
Does 272 divide 75616?
True
Does 181 divide 3277?
False
Is 11 a factor of 1065?
False
Is 352 a multiple of 23?
False
Is 115 a factor of 8518?
False
Does 164 divide 5412?
True
Does 12 divide 1003?
False
Is 39404 a multiple of 338?
False
Does 16 divide 544?
True
Does 7 divide 8635?
False
Does 108 divide 18199?
False
Is 15 a factor of 5640?
True
Is 46021 a multiple of 29?
False
Is 330 a multiple of 22?
True
Does 44 divide 6556?
True
Is 228 a multiple of 19?
True
Is 49 a factor of 49?
True
Is 351 a multiple of 39?
True
Is 12472 a multiple of 11?
False
Is 33 a factor of 34306?
False
Does 125 divide 32043?
False
Is 600 a multiple of 5?
True
Does 88 divide 8712?
True
Does 28 divide 1417?
False
Does 11 divide 647?
False
Does 16 divide 48?
True
Is 99 a factor of 39303?
True
Is 16562 a multiple of 13?
True
Does 10 divide 83530?
True
Is 1494 a multiple of 9?
True
Is 28 even?
True
Does 28 divide 1349?
False
Is 24070 a multiple of 166?
True
Is 7 a factor of 602?
True
Is 13491 a multiple of 14?
False
Is 4 a factor of 201?
False
Is 31079 a multiple of 208?
False
Is 10 a factor of 13963?
False
Is 3906 a multiple of 63?
True
Is 62 a factor of 71548?
True
Is 20 a factor of 2380?
True
Is 12 a factor of 772?
False
Does 19 divide 2565?
True
Is 41 a factor of 12342?
False
Does 5 divide 10052?
False
Is 38 a factor of 2432?
True
Does 15 divide 7500?
True
Is 1886 a multiple of 2?
True
Does 23 divide 10844?
False
Does 6 divide 36?
True
Is 11 a factor of 26778?
False
Is 194 a multiple of 85?
False
Is 14632 a multiple of 188?
False
Is 630 a multiple of 15?
True
Does 133 divide 3458?
True
Is 3060 a multiple of 51?
True
Is 418 a factor of 87229?
False
Is 7529 a multiple of 32?
False
Is 18 a factor of 2716?
False
Is 34 a factor of 3049?
False
Does 4 divide 8383?
False
Is 1346 a multiple of 70?
False
Is 245 a multiple of 4?
False
Does 18 divide 54810?
True
Is 19076 a multiple of 19?
True
Is 810 a multiple of 19?
False
Does 7 divide 257?
False
Does 13 divide 1547?
True
Does 49 divide 1568?
True
Does 95 divide 70775?
True
Does 10 divide 1069?
False
Is 5 a factor of 100?
True
Is 4636 a multiple of 22?
False
Does 47 divide 16416?
False
Is 44 a factor of 12232?
True
Does 80 divide 2000?
True
Does 17 divide 7021?
True
Does 32 divide 18464?
True
Is 1320 a multiple of 11?
True
Is 34 a factor of 122?
False
Does 8 divide 8?
True
Is 2 a factor of 124?
True
Is 56214 a multiple of 347?
True
Is 3552 a multiple of 37?
True
Is 3 a factor of 163?
False
Is 338 a multiple of 17?
False
Does 70 divide 126876?
False
Does 176 divide 54335?
False
Is 8 a factor of 4856?
True
Does 133 divide 3192?
True
Is 16799 a multiple of 13?
False
Is 9 a factor of 45?
True
Does 59 divide 5074?
True
Does 22 divide 243?
False
Is 551 a multiple of 29?
True
Does 9 divide 3029?
False
Does 44 divide 1408?
True
Is 34705 a multiple of 55?
True
Is 5 a factor of 916?
False
Is 3727 a multiple of 30?
False
Does 69 divide 1104?
True
Is 4600 a multiple of 200?
True
Is 40 a factor of 13385?
False
Is 130 a multiple of 2?
True
Does 26 divide 10452?
True
Does 247 divide 8892?
True
Is 16 a factor of 391?
False
Does 91 divide 24826?
False
Does 174 divide 7308?
True
Is 7548 a multiple of 25?
False
Is 40 a factor of 1292?
False
Is 102 a factor of 1632?
True
Is 74 a factor of 370?
True
Is 1905 a multiple of 31?
False
Is 765 a multiple of 45?
True
Is 92 a factor of 37904?
True
Is 9141 a multiple of 80?
False
Is 5 a factor of 1734?
False
Does 18 divide 12803?
False
Is 659 a multiple of 22?
False
Does 10 divide 280?
True
Does 52 divide 31967?
False
Is 7355 a multiple of 46?
False
Does 5 divide 104?
False
Is 7806 a multiple of 6?
True
Is 1248 a multiple of 32?
True
Does 15 divide 456?
False
Does 16 divide 16000?
True
Is 51 a factor of 26010?
True
Does 338 divide 1091?
False
Does 12 divide 8232?
True
Is 27 a factor of 93?
False
Is 61 a multiple of 2?
False
Does 2 divide 8378?
True
Does 141 divide 5499?
True
Is 71 a factor of 6544?
False
Is 4375 a multiple of 102?
False
Is 87 a factor of 1217?
False
Is 6413 a multiple of 11?
True
Is 3420 a multiple of 19?
True
Is 22317 a multiple of 173?
True
Is 16 a factor of 21583?
False
Does 17 divide 4425?
False
Does 9 divide 319?
False
Does 80 divide 1440?
True
Does 96 divide 505?
False
Is 2628 a multiple of 145?
False
Is 10590 a multiple of 6?
True
Does 11 divide 17138?
True
Is 12732 a multiple of 163?
False
Do